s digit of y - -4 - (1 + (-51 - -2))?
6
Suppose -2*d + 0*d - d = 0. Suppose 10*n - 14 - 16 = d. What is the units digit of (182 - 11)*n*(-2)/(-9)?
4
Suppose d + 3*d = 2*w, -w - 5*d - 7 = 0. Suppose 21 - 25 = -o. What is the units digit of -4 - w*6/o - -173?
2
Suppose -83*i + 50 = -78*i. Suppose 6*a + i = -20. What is the tens digit of ((-11)/(-2) + -2)/(a/(-50))?
3
Let z = 8136 - 3532. What is the hundreds digit of z?
6
Suppose -4*w + 2564 = -3*y + 2*y, 0 = -w - 2*y + 641. Suppose 0 = -5*p + w + 719. What is the hundreds digit of p?
2
Let d(a) = -302*a**3 - a**2 - a + 1. Let i be d(-1). Let r = i - 449. Let s = 309 + r. What is the tens digit of s?
6
Suppose 5*x = 23*x - 252. Suppose 761 + 4517 = x*m. What is the units digit of m?
7
Suppose 33*y = 32*y + 2. Suppose 2*b - 10 = -y. Suppose -3*x - r = 7 - 243, 391 = 5*x + b*r. What is the tens digit of x?
7
Let n(c) = -3*c**3 + 8*c**2 + 15*c + 1. Let f be n(-9). Suppose 5*w - 3*s - 4503 = 0, 39*w - s - f = 36*w. What is the units digit of w?
0
Let m(d) = -d**3 - 8*d**2 - d - 4. Let z be m(-7). Let c = z - -86. Suppose 0 = -c*f + 39*f + 173. What is the units digit of f?
3
Suppose -24 = 4*y, -173*b + 5*y = -174*b + 8392. What is the hundreds digit of b?
4
Let s(b) = b + 9. Let o be s(7). Suppose -o*a + 24314 + 2358 = 0. What is the hundreds digit of a?
6
Suppose 20 = 5*g - 5. Suppose -g*i - 837 = 3603. What is the units digit of i/(-9) + (-5)/(-15)?
9
Suppose 28 + 89 = 13*j. Suppose -j*x - 3*x = -1008. Let c = x + -48. What is the units digit of c?
6
Suppose 0 = 3*l - 2*u - 60816, 2*l - 4*u = 43086 - 2550. What is the ten thousands digit of l?
2
Let a(u) = -17*u + 38*u + 25*u + u**3 - 55 - 33*u**2. What is the units digit of a(32)?
3
Suppose 49*i - 13*i - 505215 = -12735. What is the ten thousands digit of i?
1
Suppose -a + 8*g - 12*g = -5491, -5*a = -5*g - 27555. What is the hundreds digit of a?
5
Let v(p) = -19 - 2*p + 2 - 14 + 55. Let a be v(12). What is the units digit of (a + 45)/(33/176)?
0
Let r be 0 + (6*1 - (-7 - -8)). Let b(s) = 7*s**2 + 7*s - 19. Let n(u) = 10*u**2 + 11*u - 29. Let l(i) = r*n(i) - 7*b(i). What is the tens digit of l(4)?
2
Let u(m) = -9*m**2 + 7*m - 26. Let i be u(-7). Let x = 830 + i. What is the hundreds digit of x?
3
Let v = -51 + 51. Let r be 11 - ((-4 - -2) + v/1). Suppose 0 = -12*i + r*i - 39. What is the units digit of i?
9
Suppose 51 + 75 = o. Let n = 177 + -144. Let m = o - n. What is the tens digit of m?
9
Let m = 11 - 10. Suppose -2*n = -5*o + 4*o + 10, 4*n - 5*o + 8 = 0. What is the units digit of (-33)/(5 + n + m)?
3
Suppose 272*o = 117*o + 141*o + 82166. What is the units digit of o?
9
Let h = 2160 + -2167. Let s = 65 + 3. Let v = s - h. What is the tens digit of v?
7
Suppose 0 = 164*m - 796898 + 195182. What is the units digit of m?
9
Let n(g) = 1657*g + 3402. What is the tens digit of n(9)?
1
Let t(d) = d**3 - 6*d**2 - 10*d - 5. Let l be t(8). Suppose 0 = -u - 0 - 12. Let c = u + l. What is the tens digit of c?
3
Suppose -159*u + 162*u - 2*y - 17285 = 0, 11502 = 2*u + 4*y. What is the units digit of u?
9
Let r(c) = -c**3 - 11*c**2 + 45*c + 23. What is the units digit of r(-20)?
3
Let y = 186 - 183. Suppose -3*j + 5*l + 601 = 0, 5*j = j + y*l + 816. What is the units digit of j?
7
Let h(f) be the second derivative of -f**3/2 + f**2/2 + 6*f. Let o be h(-1). Suppose 320 = 5*b - 2*l + 6*l, 5*b - o*l = 360. What is the tens digit of b?
6
Let o(a) = 21*a - 2. Let k be o(2). Let t = k + -38. What is the hundreds digit of (-1)/t + -29*49/(-14)?
1
Suppose 3*g - 8*d - 40369 = -10*d, 53824 = 4*g + 3*d. What is the hundreds digit of g?
4
Let m = -59 - -57. Let h be m + (13 + -15)/(2/(-7)). Suppose 12*b = h*b + 1169. What is the tens digit of b?
6
Let s(d) = d**3 + 3*d + 48. Let z be s(0). Let u = z + -33. Suppose 0 = u*y - 9*y - 642. What is the hundreds digit of y?
1
Let n(r) = -r**3 - 22*r**2 + 19*r + 18. Let w be n(9). What is the hundreds digit of (-3 - -5) + 11/((-33)/w)?
7
Let p(v) = 1454*v + 3917. What is the units digit of p(48)?
9
What is the units digit of (56385/7 - 2)*(0 - -1)?
3
Suppose 0 = n + 2*o - 114, 139 + 65 = 2*n - 2*o. Suppose 0 = 3*m - 4*c - 954, c + 213 = m - n. What is the units digit of m?
2
What is the units digit of 2/(-17) + (33 - (-3547992)/204)?
5
Suppose -2*k = 5*q + 194, -3*q + 2*q - 28 = 4*k. Suppose 120 + 1064 = 16*y. Let r = y + q. What is the units digit of r?
4
Suppose 0*o - 1051 = 3*o - q, 0 = -3*o - 3*q - 1047. Let m be 2/(-6) + (-1 - o/6). What is the hundreds digit of (-3142)/(-12) + m/18 + -3?
2
Let f(x) = -2*x - 4. Let a be f(-6). Suppose 36 = a*n - 7*n. What is the units digit of (-2)/(n/(-498)) - 4/6?
7
Let v(y) = -3*y**3 + 10*y**3 - 5*y**3 + 2*y**2 - 1 - 5*y**3. Let p be v(1). What is the tens digit of (1/p)/(12/(-1584))?
6
Let f(d) = 2*d**2 - 15*d. Let o be f(8). Suppose 4*y + 384 = o*y. Suppose -y = -q - 3*q - 4*n, n - 108 = -5*q. What is the units digit of q?
1
Suppose 8*a - 330 = 23*a. What is the units digit of 4*a/(-4 + -5 + 1)?
1
Let j be (-4 - -3)/(6/(-252)*-6). What is the units digit of 4 + 2 + 1 + (j - -870)?
0
Let r(k) = -5231*k - 3711. What is the thousands digit of r(-11)?
3
Suppose -2*z + 4 = -0. Suppose 6*w - 7*w = -z. Suppose w*u - 57 = -f, 0 = -5*f - 0*f - 4*u + 273. What is the units digit of f?
3
Suppose 3*n = -b + 21 - 5, -5*b = -2*n - 12. Suppose t = n*c - 1, 4*c = t + c. What is the hundreds digit of (-568)/(-4) + 6/t?
1
Let r be 5 - (12/4 + 1). What is the tens digit of (r - 0)*(476 - -31)?
0
Let y(g) = 2*g**2 - 8*g - 4. Let n be y(4). What is the tens digit of (-1)/(n + 988/248)?
6
Suppose -30*r - 35*r = 1342101 - 3887176. What is the hundreds digit of r?
1
Let p = 64 - 72. Let i be (3/(72/(-30)))/(2/p). Suppose 0 = -i*f + d - 0*d + 726, 3*f = -5*d + 458. What is the hundreds digit of f?
1
Let f = -2160 + 13193. What is the hundreds digit of f?
0
Let o be (-6 - (-3073)/161) + (-6)/69. Let a(x) be the first derivative of 7*x**2/2 - 26*x - 1. What is the units digit of a(o)?
5
Let b(h) = 113*h**3 + 34*h**2 - 8*h + 50. What is the hundreds digit of b(4)?
7
Let w(n) = -n**3 - 10*n**2 + 56*n + 3. Let s be w(-14). What is the units digit of -5 - 5/(1640/548 - s)?
0
Let s(v) = -1035*v + 1181. What is the hundreds digit of s(-19)?
8
Let s = 260 + -210. Suppose -5*h + 2*h = 96. Let u = h + s. What is the units digit of u?
8
Suppose 4*a - 6*b = 72840, 2*a - 2*b = 8502 + 27922. What is the ten thousands digit of a?
1
Let c = 2995 - 1665. What is the hundreds digit of c?
3
Let y(p) = 6*p - 10. Suppose 0 = 2*m + 5 - 11. Let b be y(m). Suppose 0 = b*w - 187 - 141. What is the units digit of w?
1
Let a = -1084 - -3232. What is the tens digit of a?
4
Suppose 32*i - 949010 = -212850. What is the ten thousands digit of i?
2
What is the units digit of 72/(-48) - 41046/(-4)?
0
Suppose -4*u + 0*u = 48. Let d(m) = -12*m**2 - 8*m - 24. Let a(b) = -19*b**2 - 12*b - 36. Let s(l) = 5*a(l) - 8*d(l). What is the units digit of s(u)?
8
Let d be (40/12 + -4)*6. Let k be -1 - 6/d*(-142)/3. Let p = k - -130. What is the tens digit of p?
5
Let a(n) = 954*n**2 + 12*n + 24. Let z be a(-2). Suppose 15*g - 5274 = z. What is the hundreds digit of g?
6
Let i(l) = -l**3 + 14*l**2 + 81*l + 80. What is the thousands digit of i(-12)?
2
What is the units digit of (14/(-3) + 5 + 0)/((-6)/(-896094))?
3
Let q be (-72)/(-180) + (-8)/(-5). Suppose -m + 5*v = -403, -q*m + 5*v = -988 + 172. What is the hundreds digit of m?
4
Let w(o) = o - 1. Let x(n) = 169*n + 282. Let a(y) = -6*w(y) - x(y). What is the units digit of a(-7)?
9
Let g(s) be the first derivative of -s**4/4 - 5*s**3/3 - 5*s**2/2 - 38*s + 70. What is the tens digit of g(-9)?
3
Let r = -154 - -187. Suppose 0 = -r*i + 26028 - 3522. What is the tens digit of i?
8
Suppose -3*b + 566 + 6744 = 4*l, -4*l + 7324 = -4*b. Let u = l - 1055. What is the units digit of u?
4
What is the thousands digit of (-8)/68 - ((-15715908)/3060 - 1/5)?
5
What is the tens digit of (0 - -1 - -27)/(41/(262605/42))?
7
Let x(q) = 4879*q + 555. What is the ten thousands digit of x(11)?
5
Suppose -222*r + 221*r = -4. Suppose r*m - 1691 = -5*c, m + 0*m - 3*c - 444 = 0. What is the tens digit of m?
2
Let t(h) = 8737*h - 2214. What is the tens digit of t(6)?
0
Suppose -8 = -2*p + 2. Suppose -3*d = 15, -4*d + 0*d = 